c.
2, 5
Suppose -287 = 3*k - 1622. Suppose 2*c + 3*c = k. Suppose -3*q + c = 2*t, 5*q + 3*t = 4*q + 25. What are the prime factors of q?
31
Suppose 1662 = 22*y - 17346. What are the prime factors of y?
2, 3
Suppose w + 2*w - 5*i = 435, 0 = -2*i + 6. Let q = w - 104. List the prime factors of q.
2, 23
Let c be (371/14)/(2/4). Suppose -33 = -2*h + c. Suppose -6 + h = k. List the prime factors of k.
37
Let h = -16 - -16. Suppose 2*l - 17 - 5 = h. What are the prime factors of l?
11
Suppose 5*d - 3 = -5*j + 12, -j + 5*d = 9. What are the prime factors of (18 + (j - -2))/1?
3, 7
Suppose 1756 = -43*v + 44*v. What are the prime factors of v?
2, 439
What are the prime factors of (-6739)/(-3) - ((-555)/(-45) - 11)?
5, 449
Let r = -87 - -108. Let w(m) = -36*m**3 - m**2 + m + 1. Let d be w(-1). Suppose d = o - r. What are the prime factors of o?
2, 7
Let d(o) = o**3 + 5*o**2 + 6*o + 2. Let m be d(-3). Suppose 5*f = m*j - 55, f + 84 = 5*j + 4. What are the prime factors of j?
3, 5
Suppose -580 = 18*j - 28*j. Suppose j = 8*v - 54. What are the prime factors of v?
2, 7
Suppose 6*g + 60 = 5*g. List the prime factors of ((-5)/(75/(-54)))/((-2)/g).
2, 3
Let c(s) = 5*s**2 - 28*s - 71. What are the prime factors of c(-23)?
2, 1609
List the prime factors of (151/(-4))/(5/(-80)).
2, 151
Let d(w) = w**3 + 2*w**2 - w + 2. Let a be d(0). Let m(v) = -7*v - 21. Let j be m(-9). List the prime factors of (a - (-4 - -4)) + j.
2, 11
Suppose -2*j - 144 = -5*j. Let q be (-5)/(-5) + 1 + -42. List the prime factors of j/q*(-30)/4.
3
Suppose -l = l - 10. Suppose -3*x = -l - 4. Suppose x*o - 56 - 10 = 0. What are the prime factors of o?
2, 11
Let i be (-2)/6 - 266/21. What are the prime factors of (0 - i)/((-1)/(-5))?
5, 13
Suppose 3*u = 5*b - 12, 0 = -4*b - u + 4*u + 9. Let m be ((-6)/b - 19)*3. List the prime factors of m/(-6) - 12/(-8).
2, 3
Let q be (-1)/((-5835)/(-1460) - 4). Suppose -5*m + q = -463. List the prime factors of m.
151
Let l = 40 - 92. List the prime factors of 2 + -3 - (l - 6).
3, 19
Suppose -4*z - 80 = -8*z. Let i = 36 - z. Let w = i + 9. List the prime factors of w.
5
What are the prime factors of 156/(-390) - 7827/(-5)?
5, 313
Let z(m) = -m**2 + 7*m - 1. Let q be z(5). Suppose 0 = -10*j + 7*j + q. Suppose j*v - 5*b = 37, 0*v - b = -2*v + 13. What are the prime factors of v?
2
Let w(v) = v**3 + 3*v**2 - 3*v - 5. Let m be (3 - 4 - 3)*1. Let j be w(m). List the prime factors of 392/18 - 2/j.
2, 11
What are the prime factors of (-13940)/(-24) + 1/6?
7, 83
Let c(t) = 13*t**2 + 87*t + 23. List the prime factors of c(-12).
23, 37
Let t = -21 + 15. Let a(l) = -2*l**2 - 10*l - 9. Let m be a(t). List the prime factors of (-144)/m - 3/(-21).
7
List the prime factors of 72/5*(168 + (13 - 16)).
2, 3, 11
Let x(s) = s**2 + 21*s + 41. Let l be x(-19). List the prime factors of (-1737)/12*(-4)/l.
193
List the prime factors of -1 - (12 + -5 - 3663).
5, 17, 43
Let a(d) = d**3 - 7*d**2 - 14*d + 23. What are the prime factors of a(13)?
3, 5, 19
Suppose 5*a + 270 = -5*b - 120, a = 5*b + 420. Let m = b - -138. What are the prime factors of m?
5, 11
What are the prime factors of 112/(-18)*-87 - 4/12?
541
Let l(y) = 2*y**3 + 7*y**2 + 5*y + 3. Let s be l(-3). Let h be (-18)/(-12)*(-4)/s. List the prime factors of 82 - (4 - (2 - h)).
2, 3, 13
Let h = 909 + -406. What are the prime factors of h?
503
Suppose 0 = -5*v - 2*g - 86, 4*g + 12 = -v + g. Let c(o) = -o**3 - 17*o**2 + 14*o + 7. What are the prime factors of c(v)?
79
Let t = 46 + -80. Let z = -3 - t. What are the prime factors of z?
31
Let y be -1*(-123)/(-2)*(-2)/3. Suppose 0 = -t - y + 152. List the prime factors of t.
3, 37
Suppose -4*c - 22 - 2 = 0. Let l be 4/c + 68/3. What are the prime factors of (-4)/l - 395/(-55)?
7
Suppose 6*a + 51025 = 31*a. List the prime factors of a.
13, 157
Let j = 76 + -78. List the prime factors of 157 - 1*(4 - (4 + j)).
5, 31
What are the prime factors of 172088/735 + (-1)/(15/2)?
2, 3, 13
Suppose -11*i = -4*h - 8*i + 18500, -4*i + 16 = 0. List the prime factors of h.
2, 13, 89
Let g(r) = r**2 + 6*r + 10. Let f be 1 - 1 - (16 + 1). Let v = f + 10. What are the prime factors of g(v)?
17
Let g(p) = 13*p - 3. Suppose -i - 2*i = -3*j + 12, -3*i + 4*j = 12. Let n = i + 7. List the prime factors of g(n).
2, 3
Let b be 0/1*(25/(-10))/5. Suppose b*m = -5*m + 595. What are the prime factors of m?
7, 17
Suppose 1304 - 296 = 3*m. List the prime factors of m.
2, 3, 7
Suppose -3*x + 186 + 27 = 0. Suppose 4*w - x - 105 = 0. List the prime factors of w.
2, 11
Let f(t) = t + 14. Let d be f(-11). Let l be d + (-3)/(15/(-10)). Suppose 2*c - c + 56 = l*b, c + 12 = b. List the prime factors of b.
11
Let l = 5 - 7. List the prime factors of (-39 - 2)*l*28/56.
41
Suppose 11 = 3*a - 7. Suppose 5*y - c - 2*c + 8 = 0, -32 = 3*y + 5*c. What are the prime factors of (y/a - 0)*-18?
2, 3
Let q(d) = -d**2 + 2. Let v be q(0). Suppose v*s = a + 185 + 19, -5*a = s - 80. What are the prime factors of s?
2, 5
Let s be 0/(1/((-2)/4)). Suppose s = -4*z - 3*q - 0*q + 35, -3*z - 5*q + 29 = 0. What are the prime factors of z?
2
Let i(b) = -14*b**2 - 53*b - 19. Let m(s) = 5*s**2 + 18*s + 6. Let t(o) = -3*i(o) - 8*m(o). List the prime factors of t(-12).
3, 13
Let l = 752 - -139. List the prime factors of l.
3, 11
What are the prime factors of (-9)/6*-1138 - 24/(-8)?
2, 3, 5, 19
Let l be 9 + -9 - 6/(-2). Suppose t + 5*j = 56, l*j - 192 = -4*t - j. What are the prime factors of t?
2, 23
Let b = 177 - 78. Let r = -57 + b. List the prime factors of r.
2, 3, 7
Suppose 0 = 4*p - h - 152, 6*h = 3*h. Suppose p = 3*s - 106. What are the prime factors of s?
2, 3
Suppose -2400 = 2*p - 7*p. Suppose 8*f - p = 2*f. List the prime factors of f.
2, 5
Let m be (-2)/3 + 56/21. Suppose 0 = -m*k + 3*f + 5, 2 = 2*k - 2*f - 4. What are the prime factors of (-248)/(-20) - k/10?
2, 3
Suppose -9697 = -5*w - x, -4*w + 5*w - 1925 = 7*x. List the prime factors of w.
7, 277
What are the prime factors of (-6 + 5)*(-3382)/2?
19, 89
Let w(p) be the first derivative of p**3/3 + 3*p**2 - 6*p + 6. What are the prime factors of w(11)?
181
Let b(n) = n**2 - n + 6. Let h be b(0). Let q be (-2 + 0)*27/h. Let y = 37 + q. List the prime factors of y.
2, 7
Suppose -3*s = 4*r - 3361, 2*s + 0*s + 832 = r. What are the prime factors of r?
2, 419
Let u be 714/187 + (-4)/(-22). What are the prime factors of (-1 - -41)/u + -2?
2
Let u = 974 - 687. List the prime factors of u.
7, 41
Suppose -2*a = 0, -2*b + 174 = 2*a + 24. Suppose -71*l + b*l = 580. What are the prime factors of l?
5, 29
Suppose -239*s - 79560 = -254*s. What are the prime factors of s?
2, 3, 13, 17
Let k be (-508)/(-14) + (-6)/21. What are the prime factors of 9*3/(k/8)?
2, 3
Let m(u) = -u**3 + 2*u**2 + 12*u - 12. List the prime factors of m(-8).
2, 7, 19
Let c(h) = 5*h + 5 + 35 + 12 - 14. List the prime factors of c(12).
2, 7
Let s(a) be the first derivative of -12*a**2 + 33*a + 26. What are the prime factors of s(-6)?
3, 59
Let d = 4 + -4. Let a be -2*(22/(-4) + d). Let y = 16 - a. List the prime factors of y.
5
Suppose 2*k = -4*a + 3154, 4 = 4*k - 0. What are the prime factors of a?
2, 197
Let a(z) = 9*z**3 - 35*z**2 - 21*z - 20. Let p(l) = 5*l**3 - 18*l**2 - 10*l - 10. Let k(o) = 4*a(o) - 7*p(o). List the prime factors of k(15).
5
Let b(p) = 5*p**2 + 36*p + 176. What are the prime factors of b(-18)?
2, 7, 41
Let j(q) = q**2 + 2*q - 10. What are the prime factors of j(11)?
7, 19
Let z(y) = -2*y + 2 + y**3 - y - 7*y - 5*y**2. List the prime factors of z(7).
2, 3, 5
Let h = 30 - 64. Let k = -23 - h. Let y = k - 0. What are the prime factors of y?
11
Let r(w) = -14*w**2 - 18*w - 49. Let k(c) = -5*c**2 - 6*c - 16. Let v(l) = -17*k(l) + 6*r(l). List the prime factors of v(-7).
3, 23
Suppose 5 = m + 2, 3*m = 4*y - 3. Let w(c) = c**3 + 5*c**2 - 6*c + 1. What are the prime factors of w(y)?
5, 11
Suppose 54*p = 52*p + 230. Suppose -q + 0*y = -5*y - 129, q = -2*y + p. What are the prime factors of q?
7, 17
Suppose -3*n - 5*c - 50 = 341, 0 = n + 2*c + 132. Let z = n + 60. What are the prime factors of (3 - 5)*-1 - z?
2
Let p = -15 - -12. Let m be (-4)/(-1) + (-246)/p. Suppose -35 = -c - 5*a, 0*c + 2*a = -4*c + m. List the prime factors of c.
2, 5
Let v(h) = -9*h + 41. Let l be v(5). Suppose -5*a - 120 = 5*k, 2*k + 3*a 